{"id":107,"date":"2022-05-25T15:14:40","date_gmt":"2022-05-25T15:14:40","guid":{"rendered":"http:\/\/www.mindfuckness.fi\/?page_id=107"},"modified":"2022-06-02T16:53:28","modified_gmt":"2022-06-02T16:53:28","slug":"yhteydenotto","status":"publish","type":"page","link":"http:\/\/www.mindfuckness.fi\/index.php\/yhteydenotto\/","title":{"rendered":"Yhteydenotto"},"content":{"rendered":"\n<p>Haluaisitko osallistua MindF\u00fcckness\u2122-pajoille? Kiinnostaako uusi ura MindF\u00fcckness\u2122-ohjaajana? Vituttaako? Haluaisitko toteuttaa MindF\u00fcckness\u2122-luovuuspajan jollekin ryhm\u00e4lle tai yhteis\u00f6lle?<\/p>\n\n\n\n<p>Ota rohkeasti yhteytt\u00e4, niin katsotaan, miten saisit lis\u00e4\u00e4 v\u00e4ri\u00e4 el\u00e4m\u00e4\u00e4n &lt;3<\/p>\n\n\n\n<p>info(\u00e4t)mindfuckness.fi<\/p>\n","protected":false},"excerpt":{"rendered":"<p>Haluaisitko osallistua MindF\u00fcckness\u2122-pajoille? Kiinnostaako uusi ura MindF\u00fcckness\u2122-ohjaajana? Vituttaako? Haluaisitko toteuttaa MindF\u00fcckness\u2122-luovuuspajan jollekin ryhm\u00e4lle tai yhteis\u00f6lle? Ota rohkeasti yhteytt\u00e4, niin katsotaan, miten saisit lis\u00e4\u00e4 v\u00e4ri\u00e4 el\u00e4m\u00e4\u00e4n &lt;3 info(\u00e4t)mindfuckness.fi<\/p>\n","protected":false},"author":1,"featured_media":0,"parent":0,"menu_order":0,"comment_status":"closed","ping_status":"closed","template":"","meta":[],"_links":{"self":[{"href":"http:\/\/www.mindfuckness.fi\/index.php\/wp-json\/wp\/v2\/pages\/107"}],"collection":[{"href":"http:\/\/www.mindfuckness.fi\/index.php\/wp-json\/wp\/v2\/pages"}],"about":[{"href":"http:\/\/www.mindfuckness.fi\/index.php\/wp-json\/wp\/v2\/types\/page"}],"author":[{"embeddable":true,"href":"http:\/\/www.mindfuckness.fi\/index.php\/wp-json\/wp\/v2\/users\/1"}],"replies":[{"embeddable":true,"href":"http:\/\/www.mindfuckness.fi\/index.php\/wp-json\/wp\/v2\/comments?post=107"}],"version-history":[{"count":3,"href":"http:\/\/www.mindfuckness.fi\/index.php\/wp-json\/wp\/v2\/pages\/107\/revisions"}],"predecessor-version":[{"id":186,"href":"http:\/\/www.mindfuckness.fi\/index.php\/wp-json\/wp\/v2\/pages\/107\/revisions\/186"}],"wp:attachment":[{"href":"http:\/\/www.mindfuckness.fi\/index.php\/wp-json\/wp\/v2\/media?parent=107"}],"curies":[{"name":"wp","href":"https:\/\/api.w.org\/{rel}","templated":true}]}}