{"id":156,"date":"2022-06-02T15:29:55","date_gmt":"2022-06-02T15:29:55","guid":{"rendered":"http:\/\/www.mindfuckness.fi\/?page_id=156"},"modified":"2025-07-08T11:47:03","modified_gmt":"2025-07-08T11:47:03","slug":"varipajat","status":"publish","type":"page","link":"http:\/\/www.mindfuckness.fi\/index.php\/varipajat\/","title":{"rendered":"MindF\u00fcckness\u2122 V\u00e4rit\u00f6n Kirja ja V\u00e4ripajat"},"content":{"rendered":"\n<p>MindF\u00fcckness\u2122 V\u00e4ripajat \u2013 v\u00e4ri\u00e4 el\u00e4m\u00e4\u00e4n!<\/p>\n\n\n\n<p>MindF\u00fcckness\u2122 V\u00e4ripajat ovat yhdistelm\u00e4 luovuutta, mindfulnessia ja taideterapeuttisia keinoja: niiden ytimess\u00e4 on v\u00e4rien kokeminen keskittymisharjoituksena. Huumorista, kokeellisesta taiteesta ja maalaisj\u00e4rjest\u00e4 muotoutuneiden MindF\u00fcckness\u2122 V\u00e4ripajojen tarkoituksena on lievitt\u00e4\u00e4 maailmantuskaa ja kognitiivista dissonanssia sek\u00e4 her\u00e4tell\u00e4 luovuutta.<\/p>\n\n\n\n<figure class=\"wp-block-image size-large\"><img loading=\"lazy\" width=\"1024\" height=\"768\" src=\"http:\/\/www.mindfuckness.fi\/wp-content\/uploads\/2022\/05\/IMG_20220327_102720-1024x768.jpg\" alt=\"\" class=\"wp-image-97\" srcset=\"http:\/\/www.mindfuckness.fi\/wp-content\/uploads\/2022\/05\/IMG_20220327_102720-1024x768.jpg 1024w, http:\/\/www.mindfuckness.fi\/wp-content\/uploads\/2022\/05\/IMG_20220327_102720-300x225.jpg 300w, http:\/\/www.mindfuckness.fi\/wp-content\/uploads\/2022\/05\/IMG_20220327_102720-768x576.jpg 768w, http:\/\/www.mindfuckness.fi\/wp-content\/uploads\/2022\/05\/IMG_20220327_102720-1536x1152.jpg 1536w, http:\/\/www.mindfuckness.fi\/wp-content\/uploads\/2022\/05\/IMG_20220327_102720.jpg 2048w\" sizes=\"(max-width: 767px) 89vw, (max-width: 1000px) 54vw, (max-width: 1071px) 543px, 580px\" \/><\/figure>\n\n\n\n<p>V\u00e4ripajalla k\u00e4ytet\u00e4\u00e4n luovuusty\u00f6kaluna MindF\u00fcckness\u2122 V\u00e4rit\u00f6nt\u00e4 Kirjaa, jonka osallistujat saavat omakseen. Osallistujat opastetaan v\u00e4rien maailmaan v\u00e4riopin kautta. V\u00e4ripajoissa ty\u00f6skennell\u00e4\u00e4n yksil\u00f6l\u00e4ht\u00f6isesti ryhm\u00e4ss\u00e4, mutta toiminta ei vaadi verbaalista aktiivisuutta eik\u00e4 erityisi\u00e4 ennakkotaitoja.<\/p>\n\n\n\n<p>MindF\u00fcckness\u2122 V\u00e4ritt\u00f6m\u00e4n Kirjan ja pajatoiminnan suunnittelu alkoi vuonna 2018. Teekkaritoiminnan edist\u00e4misrahasto TTER my\u00f6nsi projektille apurahan, ja ensimm\u00e4iset, Aalto-yliopiston opiskelijoille ja henkil\u00f6kunnalle suunnatut MindF\u00fcckness\u2122-pajat toteutettiin kev\u00e4\u00e4ll\u00e4 2022 Espoon Otaniemess\u00e4. V\u00e4ripajakonseptia testattiin my\u00f6s Vantaalla peruskoulun 6.- ja 7.-luokkalaisille 2021\u20132022.<br><br>Viiden kerran kurssimuotoiset MindF\u00fcckness\u2122 V\u00e4ripajasarjat toteutettiin Taiteen Sulattamo ry:ll\u00e4 Helsingiss\u00e4 kev\u00e4\u00e4ll\u00e4 ja syksyll\u00e4 2022  : <a rel=\"noreferrer noopener\" href=\"https:\/\/www.facebook.com\/events\/247434307564353\/247434327564351?acontext=%7B%22event_action_history%22%3A[%7B%22surface%22%3A%22page%22%7D]%7D\" data-type=\"URL\" data-id=\"https:\/\/www.facebook.com\/events\/247434307564353\/247434327564351?acontext=%7B%22event_action_history%22%3A[%7B%22surface%22%3A%22page%22%7D]%7D\" target=\"_blank\">https:\/\/taiteensulattamo.fi\/mindfuckness-paja-varia-elamaan\/<\/a><br><\/p>\n\n\n\n<p>N\u00e4iden j\u00e4lkeen pajoja on j\u00e4rjestetty siell\u00e4 sun t\u00e4\u00e4ll\u00e4 jotain yli 30 kertaa, mit\u00e4 n\u00e4it\u00e4 nyt on.<\/p>\n\n\n\n<p>Ty\u00f6pajoja on tukenut TTER \u2014 Teekkaritoiminnan edist\u00e4misrahasto<br><a rel=\"noreferrer noopener\" href=\"https:\/\/tter.ayy.fi\/\" target=\"_blank\">https:\/\/tter.ayy.fi\/<\/a><\/p>\n\n\n\n<figure class=\"wp-block-image size-large\"><img loading=\"lazy\" width=\"1024\" height=\"536\" src=\"http:\/\/www.mindfuckness.fi\/wp-content\/uploads\/2022\/05\/7-fb-1024x536.jpg\" alt=\"\" class=\"wp-image-99\" srcset=\"http:\/\/www.mindfuckness.fi\/wp-content\/uploads\/2022\/05\/7-fb-1024x536.jpg 1024w, http:\/\/www.mindfuckness.fi\/wp-content\/uploads\/2022\/05\/7-fb-300x157.jpg 300w, http:\/\/www.mindfuckness.fi\/wp-content\/uploads\/2022\/05\/7-fb-768x402.jpg 768w, http:\/\/www.mindfuckness.fi\/wp-content\/uploads\/2022\/05\/7-fb.jpg 1075w\" sizes=\"(max-width: 767px) 89vw, (max-width: 1000px) 54vw, (max-width: 1071px) 543px, 580px\" \/><\/figure>\n\n\n\n<p><\/p>\n","protected":false},"excerpt":{"rendered":"<p>MindF\u00fcckness\u2122 V\u00e4ripajat \u2013 v\u00e4ri\u00e4 el\u00e4m\u00e4\u00e4n! MindF\u00fcckness\u2122 V\u00e4ripajat ovat yhdistelm\u00e4 luovuutta, mindfulnessia ja taideterapeuttisia keinoja: niiden ytimess\u00e4 on v\u00e4rien kokeminen keskittymisharjoituksena. Huumorista, kokeellisesta taiteesta ja maalaisj\u00e4rjest\u00e4 muotoutuneiden MindF\u00fcckness\u2122 V\u00e4ripajojen tarkoituksena on lievitt\u00e4\u00e4 maailmantuskaa ja kognitiivista dissonanssia sek\u00e4 her\u00e4tell\u00e4 luovuutta. V\u00e4ripajalla k\u00e4ytet\u00e4\u00e4n luovuusty\u00f6kaluna MindF\u00fcckness\u2122 V\u00e4rit\u00f6nt\u00e4 Kirjaa, jonka osallistujat saavat omakseen. Osallistujat opastetaan v\u00e4rien maailmaan v\u00e4riopin kautta. V\u00e4ripajoissa &hellip; <\/p>\n<p class=\"link-more\"><a href=\"http:\/\/www.mindfuckness.fi\/index.php\/varipajat\/\" class=\"more-link\">Jatka lukemista<span class=\"screen-reader-text\"> &#8221;MindF\u00fcckness\u2122 V\u00e4rit\u00f6n Kirja ja V\u00e4ripajat&#8221;<\/span><\/a><\/p>\n","protected":false},"author":1,"featured_media":0,"parent":0,"menu_order":0,"comment_status":"closed","ping_status":"closed","template":"","meta":[],"_links":{"self":[{"href":"http:\/\/www.mindfuckness.fi\/index.php\/wp-json\/wp\/v2\/pages\/156"}],"collection":[{"href":"http:\/\/www.mindfuckness.fi\/index.php\/wp-json\/wp\/v2\/pages"}],"about":[{"href":"http:\/\/www.mindfuckness.fi\/index.php\/wp-json\/wp\/v2\/types\/page"}],"author":[{"embeddable":true,"href":"http:\/\/www.mindfuckness.fi\/index.php\/wp-json\/wp\/v2\/users\/1"}],"replies":[{"embeddable":true,"href":"http:\/\/www.mindfuckness.fi\/index.php\/wp-json\/wp\/v2\/comments?post=156"}],"version-history":[{"count":11,"href":"http:\/\/www.mindfuckness.fi\/index.php\/wp-json\/wp\/v2\/pages\/156\/revisions"}],"predecessor-version":[{"id":325,"href":"http:\/\/www.mindfuckness.fi\/index.php\/wp-json\/wp\/v2\/pages\/156\/revisions\/325"}],"wp:attachment":[{"href":"http:\/\/www.mindfuckness.fi\/index.php\/wp-json\/wp\/v2\/media?parent=156"}],"curies":[{"name":"wp","href":"https:\/\/api.w.org\/{rel}","templated":true}]}}