{"id":280,"date":"2022-10-25T16:14:56","date_gmt":"2022-10-25T16:14:56","guid":{"rendered":"http:\/\/www.mindfuckness.fi\/?page_id=280"},"modified":"2022-10-25T16:14:57","modified_gmt":"2022-10-25T16:14:57","slug":"hakkila-yhteisotaidepuisto","status":"publish","type":"page","link":"http:\/\/www.mindfuckness.fi\/index.php\/hakkila-yhteisotaidepuisto\/","title":{"rendered":"Hakkila yhteis\u00f6taidepuisto"},"content":{"rendered":"\n<p>Hakkila Art Village \u2013 Celebration of community arts 2022<\/p>\n\n\n\n<figure class=\"wp-block-image size-large\"><img loading=\"lazy\" width=\"810\" height=\"1024\" src=\"http:\/\/www.mindfuckness.fi\/wp-content\/uploads\/2022\/10\/hakkila1-810x1024.jpg\" alt=\"\" class=\"wp-image-281\" srcset=\"http:\/\/www.mindfuckness.fi\/wp-content\/uploads\/2022\/10\/hakkila1-810x1024.jpg 810w, http:\/\/www.mindfuckness.fi\/wp-content\/uploads\/2022\/10\/hakkila1-237x300.jpg 237w, http:\/\/www.mindfuckness.fi\/wp-content\/uploads\/2022\/10\/hakkila1-768x971.jpg 768w, http:\/\/www.mindfuckness.fi\/wp-content\/uploads\/2022\/10\/hakkila1.jpg 843w\" sizes=\"(max-width: 767px) 89vw, (max-width: 1000px) 54vw, (max-width: 1071px) 543px, 580px\" \/><\/figure>\n\n\n\n<p>MindF\u00fcckness\u2122 vieraili Hakkilan yhteis\u00f6taidepuistossa Shadow Room Project:n j\u00e4rjest\u00e4m\u00e4ss\u00e4 taide-, ja verkostoitumistapahtumassa 26.8.2022. <br>Lukuisten yhteis\u00f6taidepajojen keskell\u00e4 v\u00e4reiltiin ja pohdittiin maailman menoa mm. useiden taide-, ja kulttuurialan edustajien kesken. <br><br>Kiitos kaikille osallistujille, sek\u00e4 Shadow Room Project:lle erityisen mieleenpainuvasta tapahtumasta &lt;3 <br><br>@shadowroomproject <br>@hakkilaartvillage<\/p>\n","protected":false},"excerpt":{"rendered":"<p>Hakkila Art Village \u2013 Celebration of community arts 2022 MindF\u00fcckness\u2122 vieraili Hakkilan yhteis\u00f6taidepuistossa Shadow Room Project:n j\u00e4rjest\u00e4m\u00e4ss\u00e4 taide-, ja verkostoitumistapahtumassa 26.8.2022. Lukuisten yhteis\u00f6taidepajojen keskell\u00e4 v\u00e4reiltiin ja pohdittiin maailman menoa mm. useiden taide-, ja kulttuurialan edustajien kesken. Kiitos kaikille osallistujille, sek\u00e4 Shadow Room Project:lle erityisen mieleenpainuvasta tapahtumasta &lt;3 @shadowroomproject @hakkilaartvillage<\/p>\n","protected":false},"author":1,"featured_media":0,"parent":0,"menu_order":0,"comment_status":"closed","ping_status":"closed","template":"","meta":[],"_links":{"self":[{"href":"http:\/\/www.mindfuckness.fi\/index.php\/wp-json\/wp\/v2\/pages\/280"}],"collection":[{"href":"http:\/\/www.mindfuckness.fi\/index.php\/wp-json\/wp\/v2\/pages"}],"about":[{"href":"http:\/\/www.mindfuckness.fi\/index.php\/wp-json\/wp\/v2\/types\/page"}],"author":[{"embeddable":true,"href":"http:\/\/www.mindfuckness.fi\/index.php\/wp-json\/wp\/v2\/users\/1"}],"replies":[{"embeddable":true,"href":"http:\/\/www.mindfuckness.fi\/index.php\/wp-json\/wp\/v2\/comments?post=280"}],"version-history":[{"count":1,"href":"http:\/\/www.mindfuckness.fi\/index.php\/wp-json\/wp\/v2\/pages\/280\/revisions"}],"predecessor-version":[{"id":282,"href":"http:\/\/www.mindfuckness.fi\/index.php\/wp-json\/wp\/v2\/pages\/280\/revisions\/282"}],"wp:attachment":[{"href":"http:\/\/www.mindfuckness.fi\/index.php\/wp-json\/wp\/v2\/media?parent=280"}],"curies":[{"name":"wp","href":"https:\/\/api.w.org\/{rel}","templated":true}]}}

Hakkila yhteisötaidepuisto

<p>Hakkila Art Village – Celebration of community arts 2022</p>



<figure class="wp-block-image size-large"><img loading="lazy" width="810" height="1024" src="http://www.mindfuckness.fi/wp-content/uploads/2022/10/hakkila1-810x1024.jpg" alt="" class="wp-image-281" srcset="http://www.mindfuckness.fi/wp-content/uploads/2022/10/hakkila1-810x1024.jpg 810w, http://www.mindfuckness.fi/wp-content/uploads/2022/10/hakkila1-237x300.jpg 237w, http://www.mindfuckness.fi/wp-content/uploads/2022/10/hakkila1-768x971.jpg 768w, http://www.mindfuckness.fi/wp-content/uploads/2022/10/hakkila1.jpg 843w" sizes="(max-width: 767px) 89vw, (max-width: 1000px) 54vw, (max-width: 1071px) 543px, 580px" /></figure>



<p>MindFückness™ vieraili Hakkilan yhteisötaidepuistossa Shadow Room Project:n järjestämässä taide-, ja verkostoitumistapahtumassa 26.8.2022. <br>Lukuisten yhteisötaidepajojen keskellä väreiltiin ja pohdittiin maailman menoa mm. useiden taide-, ja kulttuurialan edustajien kesken. <br><br>Kiitos kaikille osallistujille, sekä Shadow Room Project:lle erityisen mieleenpainuvasta tapahtumasta &lt;3 <br><br>@shadowroomproject <br>@hakkilaartvillage</p>

<p>Hakkila Art Village – Celebration of community arts 2022 MindFückness™ vieraili Hakkilan yhteisötaidepuistossa Shadow Room Project:n järjestämässä taide-, ja verkostoitumistapahtumassa 26.8.2022. Lukuisten yhteisötaidepajojen keskellä väreiltiin ja pohdittiin maailman menoa mm. useiden taide-, ja kulttuurialan edustajien kesken. Kiitos kaikille osallistujille, sekä Shadow Room Project:lle erityisen mieleenpainuvasta tapahtumasta &lt;3 @shadowroomproject @hakkilaartvillage</p>
