{"id":289,"date":"2022-10-25T16:33:33","date_gmt":"2022-10-25T16:33:33","guid":{"rendered":"http:\/\/www.mindfuckness.fi\/?page_id=289"},"modified":"2026-01-16T12:16:52","modified_gmt":"2026-01-16T12:16:52","slug":"mindbugness","status":"publish","type":"page","link":"http:\/\/www.mindfuckness.fi\/index.php\/mindbugness\/","title":{"rendered":"MindB\u00fcgness"},"content":{"rendered":"\n<figure class=\"wp-block-image size-large is-style-default\"><img loading=\"lazy\" width=\"768\" height=\"1024\" src=\"https:\/\/www.mindfuckness.fi\/wp-content\/uploads\/2026\/01\/IMG_20250712_143656-768x1024.jpg\" alt=\"\" class=\"wp-image-338\" srcset=\"http:\/\/www.mindfuckness.fi\/wp-content\/uploads\/2026\/01\/IMG_20250712_143656-768x1024.jpg 768w, http:\/\/www.mindfuckness.fi\/wp-content\/uploads\/2026\/01\/IMG_20250712_143656-225x300.jpg 225w, http:\/\/www.mindfuckness.fi\/wp-content\/uploads\/2026\/01\/IMG_20250712_143656-1152x1536.jpg 1152w, http:\/\/www.mindfuckness.fi\/wp-content\/uploads\/2026\/01\/IMG_20250712_143656-1536x2048.jpg 1536w, http:\/\/www.mindfuckness.fi\/wp-content\/uploads\/2026\/01\/IMG_20250712_143656-scaled.jpg 1920w\" sizes=\"(max-width: 767px) 89vw, (max-width: 1000px) 54vw, (max-width: 1071px) 543px, 580px\" \/><\/figure>\n\n\n\n<p>Koko perheelle suunnattu luovuuspajakonsepti MindB\u00fcgness virittelee kielien kantoja ja kokeilee kaikenlaista luovaa askartelua, jotta hetkess\u00e4 olisi miellytt\u00e4v\u00e4\u00e4 elell\u00e4 my\u00f6s kasvuvaiheessa olevien aivojen s\u00e4estyksell\u00e4. Ei ik\u00e4rajaa!<br><br>Pajoilla ty\u00f6stet\u00e4\u00e4n yhdess\u00e4 ja erikseen erilaisia v\u00e4reilyteht\u00e4vi\u00e4 monipuolisilla ty\u00f6v\u00e4lineill\u00e4, jolloin pienetkin kanssakulkijamme oppivat tekem\u00e4\u00e4n sulassa sovussa asioita kesken\u00e4\u00e4n, sek\u00e4 toimimaan ryhm\u00e4ss\u00e4. Paja mahdollistaa my\u00f6s vapaan itsen\u00e4isen ty\u00f6skentelyn, jolloin voimme toimia halutessamme yksil\u00f6in\u00e4 \u2013 yhdess\u00e4 .<br><br>Ty\u00f6pajoille osallistutaan yhdess\u00e4 vanhemman kanssa \u2013 ja saa v\u00e4ritt\u00e4\u00e4 viivojen yli! &lt;3.<\/p>\n\n\n\n<p><br><br><\/p>\n","protected":false},"excerpt":{"rendered":"<p>Koko perheelle suunnattu luovuuspajakonsepti MindB\u00fcgness virittelee kielien kantoja ja kokeilee kaikenlaista luovaa askartelua, jotta hetkess\u00e4 olisi miellytt\u00e4v\u00e4\u00e4 elell\u00e4 my\u00f6s kasvuvaiheessa olevien aivojen s\u00e4estyksell\u00e4. Ei ik\u00e4rajaa! Pajoilla ty\u00f6stet\u00e4\u00e4n yhdess\u00e4 ja erikseen erilaisia v\u00e4reilyteht\u00e4vi\u00e4 monipuolisilla ty\u00f6v\u00e4lineill\u00e4, jolloin pienetkin kanssakulkijamme oppivat tekem\u00e4\u00e4n sulassa sovussa asioita kesken\u00e4\u00e4n, sek\u00e4 toimimaan ryhm\u00e4ss\u00e4. Paja mahdollistaa my\u00f6s vapaan itsen\u00e4isen ty\u00f6skentelyn, jolloin voimme toimia &hellip; <\/p>\n<p class=\"link-more\"><a href=\"http:\/\/www.mindfuckness.fi\/index.php\/mindbugness\/\" class=\"more-link\">Jatka lukemista<span class=\"screen-reader-text\"> &#8221;MindB\u00fcgness&#8221;<\/span><\/a><\/p>\n","protected":false},"author":1,"featured_media":0,"parent":0,"menu_order":0,"comment_status":"closed","ping_status":"closed","template":"","meta":[],"_links":{"self":[{"href":"http:\/\/www.mindfuckness.fi\/index.php\/wp-json\/wp\/v2\/pages\/289"}],"collection":[{"href":"http:\/\/www.mindfuckness.fi\/index.php\/wp-json\/wp\/v2\/pages"}],"about":[{"href":"http:\/\/www.mindfuckness.fi\/index.php\/wp-json\/wp\/v2\/types\/page"}],"author":[{"embeddable":true,"href":"http:\/\/www.mindfuckness.fi\/index.php\/wp-json\/wp\/v2\/users\/1"}],"replies":[{"embeddable":true,"href":"http:\/\/www.mindfuckness.fi\/index.php\/wp-json\/wp\/v2\/comments?post=289"}],"version-history":[{"count":8,"href":"http:\/\/www.mindfuckness.fi\/index.php\/wp-json\/wp\/v2\/pages\/289\/revisions"}],"predecessor-version":[{"id":357,"href":"http:\/\/www.mindfuckness.fi\/index.php\/wp-json\/wp\/v2\/pages\/289\/revisions\/357"}],"wp:attachment":[{"href":"http:\/\/www.mindfuckness.fi\/index.php\/wp-json\/wp\/v2\/media?parent=289"}],"curies":[{"name":"wp","href":"https:\/\/api.w.org\/{rel}","templated":true}]}}